nd 20.
4
Suppose 0 = 5*c - 6 - 19. Suppose 33 = 2*g - c*a, -2*g - a + 2*a + 13 = 0. What is the greatest common divisor of g and 6?
2
Suppose -g - 38 = -3*h, h + 4*g - 3 = 1. Let y be (h/9)/2*-9. Let n be ((-21)/y)/((-2)/(-56)). What is the greatest common factor of n and 14?
14
Let x be -9*8/((-2)/2). Suppose -24 = -f - 6. Calculate the greatest common factor of f and x.
18
Suppose -6*u + 5*u = -9. Suppose -2*n = -3*j + 14, 4 = -0*j + 2*j + 4*n. Suppose -5*p + 34 = j. What is the highest common factor of u and p?
3
Let f be (-95)/((-1)/(1 - -1)). Let u be (-4)/(-5)*-19*(-10)/4. What is the highest common factor of f and u?
38
Suppose -j = -0*j - 2, 3*d - 2*j = 5. Let s be ((-9)/(-12))/((-4)/(-112)). Calculate the highest common factor of s and d.
3
Suppose -7*h + 12*h - 30 = 0. Calculate the greatest common divisor of 14 and h.
2
Let g be (2 - 2)/(2 + (2 - 6)). Let q = g + 5. Calculate the highest common divisor of q and 40.
5
Let a(w) = -2*w - 5. Let m be a(-6). Suppose 0 = m*b - 183 - 258. Calculate the highest common divisor of 21 and b.
21
Let h(a) = 1 + 2*a + 2*a**2 + 6*a - 8 - 3*a**2. Let t be h(6). Let n be (-4)/10 + 227/t. What is the greatest common factor of n and 9?
9
Suppose 150 = 10*p - 190. Calculate the highest common divisor of 85 and p.
17
Let j = 61 - -366. Calculate the greatest common factor of 122 and j.
61
Let r(w) = 214*w**2 + 2*w. Let c be r(1). Calculate the highest common divisor of c and 27.
27
Suppose -370 = 13*b - 2645. Calculate the greatest common factor of b and 75.
25
Suppose -2*d - d + 442 = 2*s, -680 = -3*s + 4*d. Suppose s = 5*i - i. What is the highest common factor of i and 14?
14
Let v = 157 - 154. What is the highest common factor of 21 and v?
3
Let a(c) = c**3 - 11*c**2 + 12*c - 15. Let s be a(10). Let x be 6 - -1 - (-86 + 33). Calculate the highest common factor of x and s.
5
Let u(f) = -f**3 + f**2 - f + 3. Let l be u(2). Let j be ((-312)/84)/(-1*l/(-21)). Calculate the highest common divisor of 13 and j.
13
Let r = -52 + 78. Let y = r - 6. Calculate the greatest common divisor of 5 and y.
5
Let r be 5/4 + (-35)/28. Suppose 0*c - 7*c + 1470 = r. What is the greatest common divisor of c and 42?
42
Suppose 3*o = 5*w - 633, w + o - 377 = -2*w. Let a(z) = 8 + 8 - 16 - 7*z. Let b be a(-2). Calculate the highest common factor of w and b.
14
Let z = 1410 + -1185. Calculate the greatest common factor of 27 and z.
9
Suppose -2346 = -19*k - 750. Calculate the highest common factor of 112 and k.
28
Suppose -82 = -83*j + 80*j + 4*a, 124 = 4*j + 2*a. Calculate the highest common factor of 270 and j.
30
Suppose -304 + 49 = -3*q. What is the highest common divisor of q and 35?
5
Suppose -2*o + 337 = 3*m - 82, m + 623 = 3*o. Suppose -3*u = 2*p - 32, -4*u = -2*p + 35 - 17. What is the greatest common divisor of o and p?
13
Let o(z) = z**3 + 2*z + 2. Let m be o(-2). Let f = m - -15. Suppose -i - 4 = -4*i + 2*x, x = -3*i + 7. What is the greatest common divisor of f and i?
1
Let p(b) = 19*b + 382. Let o be p(-18). What is the highest common factor of 472 and o?
8
Let m be (56/70)/((-2)/(-10)) + 104. Calculate the greatest common divisor of m and 24.
12
Suppose -4*l + 3*l = -1. Let q be -76 + 12 + (-1)/(-1). Let r = -62 - q. What is the greatest common divisor of r and l?
1
Let x be (112 - 112) + 1/(1/80). What is the greatest common factor of 720 and x?
80
Let a be (-7 - 50)/(3/(-2)). Calculate the greatest common factor of 57 and a.
19
Suppose 108 = 5*o - 32. Let f be 44/(-7) + (-10)/(-35). Let z(g) = -g**3 - 5*g**2 + 4*g + 2. Let l be z(f). Calculate the highest common divisor of l and o.
14
Let f(l) = -7*l + 52. Let n = 35 + -47. Let b be f(n). What is the highest common factor of 34 and b?
34
Let m = -43 - -61. Suppose -4*g = 2 - m. Suppose -g*j + 76 = 3*f + f, 0 = -f - 5. What is the greatest common factor of 6 and j?
6
Let r(y) = y + 1. Let p be r(3). Suppose -p*a - 48 = -6*a. Calculate the greatest common factor of 6 and a.
6
Suppose 22*i = 34*i - 132. Calculate the highest common factor of 44 and i.
11
Let m = -814 + 844. Calculate the greatest common factor of 750 and m.
30
Let m be -6*-1*(-3)/6. Let d be -3 + m/(-9) + (-512)/(-12). What is the highest common divisor of 10 and d?
10
Let f(a) = -a**2 + 53*a - 310. Let k be f(42). Calculate the highest common factor of k and 19.
19
Let u be 1*1*(4 + 0). Suppose 4*r = -u*r + 192. Calculate the greatest common divisor of 24 and r.
24
Let m(o) = -4*o + 15. Let q be m(-4). Let p = q - -25. What is the highest common factor of p and 28?
28
Suppose -880 = -317*a + 297*a. Calculate the highest common divisor of a and 396.
44
Let g(i) = -5*i**2 - 87*i + 26. Let q be g(-17). Calculate the greatest common factor of q and 24.
12
Let m(q) = -8*q**2 + 2*q - 4. Let k be m(-6). Let y be (-2)/5 + k/(-10). Let c be 1*(4 - -2)*1. Calculate the highest common factor of y and c.
6
Suppose -2 = z - 9. Suppose 2*n = s + n + z, -4*s + 3*n - 23 = 0. Let m be (-11 + s)/(-2 + 1). What is the greatest common factor of 104 and m?
13
Let l be ((-48)/20)/(2 + 22/(-10)). Suppose -t + 2*w = 2, 0*t - 4*t - 2*w = -42. Let i = t + -2. Calculate the highest common divisor of l and i.
6
Suppose -s - 2*u + 56 = -21, u + 2 = 0. What is the greatest common divisor of s and 891?
81
Let m be (200/12 - (-1)/3) + -3. What is the greatest common divisor of 28 and m?
14
Let o = -1 - -20. Let x be (51 - 53)*314/4. Let v = -62 - x. What is the greatest common divisor of v and o?
19
Let m be -18*(-3 - (-10)/4). Let o be 2/(-1) - (-2 + 3)*-74. Calculate the highest common factor of m and o.
9
Let y be 18 + 2/(4/(-6)). Let i be y - 3/(-4 + 1). Let m(b) = -b**2 - 18*b - 1. Let x be m(-13). What is the greatest common factor of i and x?
16
Suppose -4*r = r - 2*m - 1487, -4 = 4*m. Calculate the highest common factor of 27 and r.
27
Let j(q) = q + 8. Let x be j(5). Suppose -v + 3*v = -4*f + 34, 2*v = -f + 28. Calculate the greatest common divisor of v and x.
13
Let l = 689 - 641. Let t = -4 - -10. Calculate the highest common factor of t and l.
6
Let u be (1 + -12)*104/(-104). Calculate the greatest common divisor of u and 176.
11
Suppose -f + 144 = -3*j, 0 = -3*f + 4*f. Let w = 29 - j. Let x(s) = -3*s - 2. Let r be x(-3). What is the highest common factor of r and w?
7
Suppose 5 = t + 1. Let c(w) = 4*w**3 - 2*w**2 + w + 1. Let j be c(1). What is the greatest common divisor of t and j?
4
Suppose 5*m - 10 - 15 = 0. Suppose 5*d = p - 115, 5*p - 3*d = -m*d + 683. Suppose 0*v = -v + p. What is the greatest common divisor of 15 and v?
15
Suppose 0 = 9*v - 460 + 217. Calculate the greatest common divisor of v and 189.
27
Suppose -1792 = 377*b - 385*b. What is the greatest common divisor of b and 126?
14
Let m = -91 - -87. Let d(n) = -3*n + 7. Let p be d(m). What is the greatest common factor of 133 and p?
19
Let j = -9 + 12. Suppose -j*f - 15 + 6 = 0, m = f + 7. Let n be m/(-6) + (-1190)/(-21). Calculate the greatest common factor of n and 14.
14
Suppose -4*l = -2*l - 6. Let s = 6 - l. Suppose s*q + 24 = 6*q. What is the highest common factor of 8 and q?
8
Let s = -2 + 18. Suppose -3*t = 5*q - 4*q - 34, q + s = 2*t. Let z(l) = 49*l + 2. Let j be z(2). Calculate the greatest common divisor of j and t.
10
Let b be 1*3851 + (-212 - -201). Calculate the greatest common divisor of 80 and b.
80
Let m = -110 - -125. What is the highest common factor of m and 20?
5
Suppose 1693 = 6*q - 2909. What is the greatest common divisor of q and 118?
59
Let w = 312 - 222. Suppose 5*h = -4*m + 3*h + 230, 2*m - 3*h = 135. What is the highest common divisor of w and m?
30
Let j be 6*((-22)/(-4) - 4). Suppose 8*y = j*y + 906. Let o be 4/(-10) + y/(-15). Calculate the greatest common factor of 40 and o.
20
Let k be 0 + 0 + 13/1. Let x be (-8)/(-6)*(-27)/6. Let w be ((-286)/x)/(1/3). What is the greatest common divisor of k and w?
13
Let p = 83 + -69. Let w be 36/3*14/4. Calculate the highest common divisor of p and w.
14
Let u be (5 - 279/45)/(1/(-20)). Calculate the highest common divisor of u and 136.
8
Let k = 193 + -155. Let s be 1/5 - 4178/(-10). Calculate the greatest common factor of s and k.
38
Let g(d) = -d**3 - 10*d**2 - 21*d + 15. Let p be g(-7). What is the highest common factor of 165 and p?
15
Let r be 1/5 + (-192)/(-40). Cal